8. Let i be ((-5)/d)/((-2)/6). Let l(v) = -2*v - 3. What is the units digit of l(i)?
7
Let a(z) = -3*z - 5. Let t(r) = -2*r - 3. Let j(q) = 3*a(q) - 5*t(q). Let i be j(-3). What is the tens digit of (-4)/i*297/18?
2
Let a be -1 + (-16)/(4/(-1)). Suppose -2*u - 11 = -3*g, -3*u - g - a*g - 8 = 0. What is the tens digit of u*(-68)/8 + 3?
3
Suppose 7*k + 10026 = 16*k. What is the hundreds digit of k?
1
Let v(u) = 4*u**3 + 2*u**2 + 2. Suppose 5*x = 6*x - 5, 5*y = -2*x + 20. Let s be 1/(y*(-4)/(-16)). What is the units digit of v(s)?
2
Let y(q) = -q - 1 + 2*q**2 - 4*q - 8 + 0. Let s be y(-3). Suppose -5*h = s + 1, 5*l - 90 = -h. What is the units digit of l?
9
Suppose 0*r - 1400 = -28*r. Let t be 202/(-8) + 3/12. Let n = r + t. What is the tens digit of n?
2
Let y(t) = t**3 - 3*t**2 - t + 2. Let s be y(2). What is the tens digit of (-96 + 39)*(-1 - s/(-6))?
9
Suppose -4*j = -5*o - 248, 2*o - 2*j = -j - 98. Let m = 34 + o. Let r = m - -36. What is the units digit of r?
2
Let y be (-12)/((-164)/88 - -2). Let l = y + 146. What is the tens digit of l?
5
Let j = -6 - -8. Suppose 0*r = -r - j. What is the units digit of r/((-159)/51 - -3)?
7
Let o = -21 + 37. Suppose -2*w - 18 = 4*f, 3*w = f - 6*f - 24. Let z = o + f. What is the tens digit of z?
1
Let b(c) be the first derivative of -19*c**2 + c + 35. What is the units digit of b(-1)?
9
Let g(l) = l**3 + 17*l**2 - 7*l + 39. Let n be g(-17). Suppose -32 = 6*f - n. What is the units digit of f?
1
Let a be (2 - 1)/((-6)/18). What is the tens digit of (a - -60) + 0 - -4?
6
Suppose 4*g = -v + 28, -11 = -g - v - 1. Suppose -u + g = 3. Suppose 5*f = a - 0*f - 24, -132 = -u*a - 5*f. What is the tens digit of a?
3
Suppose -2*n = 10*n - 144. Suppose -5*o = 16 + 39. Let c = o + n. What is the units digit of c?
1
Suppose 2*g + 0*g = -8*i + 4404, 0 = 4*g + 2*i - 8850. What is the tens digit of g?
1
Let c = -90 + 92. Suppose g = -2*u + 4*u + 140, -4*g = c*u - 600. What is the hundreds digit of g?
1
Let c = -813 + 1158. What is the units digit of c?
5
Suppose -3*m + 7*m = -16*m. Suppose -b + 6*b - j - 753 = m, 15 = -5*j. What is the tens digit of b?
5
Suppose 4*r - 9*l = 4547, 4555 = 4*r + 7*l - 8*l. What is the hundreds digit of r?
1
Let y(b) be the first derivative of 2*b + 2/3*b**3 - 1/2*b**2 + 5. What is the units digit of y(-3)?
3
Suppose -2*b = 5*p + 23 - 73, 15 = -3*b. Suppose -3*k - 2*k + 2*n - 12 = 0, 2*k + n + p = 0. Let y(g) = -6*g - 2. What is the tens digit of y(k)?
2
Suppose 33*q - 41*q + 10440 = 0. What is the thousands digit of q?
1
Let a(n) = -n**2 - 5*n. Let t be a(-4). Suppose 0 = -3*b - 2*b - 4*l + 326, 2*b + t*l = 140. What is the units digit of b?
2
Suppose -6*k = -k - 25. Suppose q + 478 = 3*f + 2*q, k*f + 5*q - 810 = 0. What is the hundreds digit of f?
1
Suppose 16 = 4*o, 0*l - 47 = -l - 5*o. Let q = 6 + l. What is the units digit of q?
3
Suppose 14 = -z + 5*z + y, -5*y + 13 = z. Let p be (-8)/z*(-18)/4. Suppose -104 = 8*o - p*o. What is the units digit of o?
6
Suppose 3*i = 4*q - 45, -4*q - i = -2*q - 25. Suppose q*b - 60 = 9*b. What is the units digit of b?
0
What is the tens digit of (-2)/((52/1495)/((-22)/5))?
5
Let y(k) = -k**2 + 11*k - 14. Let m be y(10). Let f(b) = -b**3 - b - 10. What is the units digit of f(m)?
8
Suppose 0 = -10*h + 6*h - 4. What is the units digit of (1 + -3 - -104) + h?
1
Suppose 2*r - 6*r = -2*z - 42, -5*r - 4*z + 46 = 0. Let f(k) = -k**2 - 7*k - 5. Let a be f(-5). Suppose -a*i + 120 = r. What is the units digit of i?
2
Let j(b) = b**2 + 5*b - 2. Let h be j(-6). Suppose -a + 0*a + h = 0. Suppose -3*y = -4*x - 55, -2*x = a*y - x - 86. What is the tens digit of y?
2
Suppose 2*q = -2 - 0. Let w(o) = 1 - 173*o**2 - 2 + 188*o**2. What is the tens digit of w(q)?
1
Suppose 12*f + 891 = -4893. Let v = -338 - f. What is the units digit of v?
4
Suppose 4*g - g = 5*t + 338, 1 = -t. What is the units digit of g?
1
Let h = -35 - -95. Suppose -3*f = w - 34, 3*w + 3*f = h + 48. Suppose 4*l = 3*l + 3*k + w, 4 = -2*k. What is the tens digit of l?
3
Suppose 4*n + 0*a = 5*a + 284, -n + 2*a = -71. Suppose 7*f - 91 = -70. Suppose f*m + 5*v - 60 = 0, 2*m - 2*v + 15 = n. What is the tens digit of m?
2
Let g(v) = 2*v**2 - 21*v + 15. Let a be g(10). What is the tens digit of 1 + a/(-5) + 85?
8
Let n = 157 - -502. What is the tens digit of n?
5
Suppose 18*q = 30*q - 51600. What is the thousands digit of q?
4
Let h(w) be the first derivative of w**2 - 3*w - 32. Let l(n) = -n**2 + 5*n. Let b be l(3). What is the units digit of h(b)?
9
Let s be ((-3*2)/2)/(-3) + 43. What is the units digit of (1 + 567/(-2))*s/(-55)?
6
Let q(m) = m + 3. Let k be q(2). Suppose -r + 6 = 3*t - 0*t, 0 = -4*r - k*t + 3. What is the units digit of -1*(r + 20/(-1))?
3
Let s be 2 - 4 - (8 + -12). Suppose 0 = -4*d - s*q + 3*q - 15, 2*q + 9 = -5*d. What is the tens digit of d/12 - 294/(-24)?
1
Suppose -72*r = 27134 - 101006. What is the thousands digit of r?
1
Suppose -x = -4 + 1. Suppose 5*g = 5*o + 76 + 104, x*g - 96 = -3*o. What is the tens digit of g?
3
Suppose 20*x + 6 = 17*x. Let n = 92 + -28. What is the tens digit of (n/(-20))/(x/15)?
2
Let i(z) = 8*z**2 - 7*z + 14. Suppose 13 = -r + 3*w, -4 = w - 9. What is the tens digit of i(r)?
3
What is the hundreds digit of 1 + -5 - 1478/((-12)/6)?
7
Let y(c) = 4*c - 4. Let v(m) = -2*m + 2. Let l(w) = 5*v(w) + 3*y(w). Let u be l(1). What is the units digit of -15*(u + 3/(-5))?
9
Let n be (-73311)/(-63) + 1/3. Suppose 5*h - 3*t - 1451 = 0, -2*h = 2*h - 4*t - n. What is the tens digit of h?
8
Suppose 12 = 4*m + 44. Let u(n) be the third derivative of -n**4/24 + n**3/3 - n**2. What is the tens digit of u(m)?
1
Let m(g) = 69*g**2 + 5*g - 10. What is the tens digit of m(2)?
7
Let a = 6316 - 3779. What is the hundreds digit of a?
5
Let z be ((-14)/6 - 0)/(1/9). Let x = z + 26. What is the units digit of x?
5
Let h(s) = 2*s**2 - 2*s + 24. What is the hundreds digit of h(-11)?
2
Let b = -116 - -122. Let w(y) = -y**3 + 13*y**2 - 13*y + 10. What is the hundreds digit of w(b)?
1
Suppose 0 = -5*r + 3651 + 1274. What is the tens digit of r?
8
Let w be (0/3 - 1)/(4/(-8)). Let c(d) = 27*d**3 + 2*d**2 + 3*d - 7. What is the hundreds digit of c(w)?
2
Let f be 18/(-4)*(-9 + 11). Suppose 0 = 3*k - 101 - 1. Let n = f + k. What is the tens digit of n?
2
Let w = 2078 - 1272. What is the hundreds digit of w?
8
Suppose 286*i = 282*i + 2796. What is the hundreds digit of i?
6
Let i(j) = -j**3 - j**2 + j + 2. Let l be i(0). Let m be ((-690)/50)/(l/(-10)). Let x = -42 + m. What is the units digit of x?
7
Suppose -2*i - 8 = -6*i. Suppose h + 2*r - 104 = 6*r, r = -i. Suppose -5*s + s = -h. What is the units digit of s?
4
Let n = 27 - 33. Let c(y) = -3 - 8 - 3*y - 3*y. What is the tens digit of c(n)?
2
What is the hundreds digit of (-1)/6 - (1969/(-6) + 1)?
3
Let h(n) = 3*n + 1. Let t be h(1). Let v be (-6 - -4)*t/(-2). Suppose -i - v*i = 2*x - 187, 3*x = -5*i + 188. What is the units digit of i?
7
Let t = 821 - 550. What is the tens digit of t?
7
Let z = -21 - -26. Suppose 251 = -0*d + 4*d + z*q, -2*d + 143 = -q. What is the tens digit of d?
6
Suppose 5*w + 57 - 498 = u, 3*w - 4*u = 251. Suppose -w = -g + 5*o, 204 = 3*g - g + 3*o. What is the tens digit of g?
9
Suppose -3*f + 12 = 3*y, f = -2*y + 11 - 1. Let c = -7 - -30. Let z = c - y. What is the units digit of z?
7
Let x be ((-2)/(-2))/(4/44). Let c = 35 + x. What is the tens digit of c?
4
Let h(b) = 5*b - 50. What is the tens digit of h(46)?
8
Let j(b) = b - 7. Let l(k) = k - 7. Let o(y) = 5*j(y) - 6*l(y). Let f(p) = -2*p + 14. Let g(m) = 3*f(m) - 5*o(m). What is the tens digit of g(-7)?
1
Suppose 4*q - 9 = -5*b + 7, 11 = 2*b - 3*q. Suppose -4*g + 301 = t, 3*g - t = -b*t + 237. What is the units digit of g?
4
Suppose 6*v - 740 - 316 = 0. What is the hundreds digit of v?
1
Let n = -141 - -638. What is the tens digit of n?
9
Let v(n) = 30*n**2 + 4*n + 20. What is the units digit of v(-4)?
4
Let n(k) = 69*k**2 - 9*k + 6. What is the tens digit of n(-3)?
5
Suppose 4*d = 8*d - 960. Suppose 4*p - d = 5*n - 3*n, -4 = 2*n. What is the tens digit of p?
5
Suppose -362 = -v + 4*l, -2*v + 347 = -v - l. What is the hundreds digit of v?
3
Let c(n) = -n**3 - 31*n**2 + 98*n - 97. Let i be c(-34). Let l = 32 + -63. Let b = l + i. What is the units digit of b?
8
